= 4*d - 90. Suppose 0 = 7*y - 4*y - 84. What is the remainder when y is divided by d?
13
Let c = -31 + 50. Calculate the remainder when c is divided by (-1 - (-142)/10) + (-2)/10.
6
Let l(o) = 3*o + 7. Let v be l(-5). Let p = 60 - 56. Calculate the remainder when v/p - -11*4 is divided by 22.
20
Suppose -y - 49 = -2*n - 2, 3*y - 90 = -5*n. What is the remainder when 5/(20/412) + -2 is divided by n?
17
Calculate the remainder when (-1024)/(-10) + 2/(-5) is divided by (780/135)/((-4)/(-18)).
24
Let m = 70 + -49. Let g = 177 + -164. What is the remainder when m is divided by g?
8
Let s(v) = 4*v + 10. Calculate the remainder when 35 is divided by s(1).
7
Let x = 118 - 31. Suppose -3*n = -12*k + 11*k - 24, 4*n = k + 33. Calculate the remainder when x is divided by n.
6
Let s(p) = -p**2 - 3*p - 9. Let d(f) = -f + 1. Let q(m) = 5*d(m) + s(m). What is the remainder when 0 + (12 - 198/(-11)) is divided by q(-5)?
8
Let y = 27 - 23. Suppose 0 = -3*c - 5*p + 124, -y*c - 2*p + 87 = -55. Calculate the remainder when c is divided by 18.
15
Suppose -3*g + 10 = -2. Suppose 3*r - g*r - 5*o = -61, -5*o = -4*r + 119. Suppose 159*q - 189*q + 570 = 0. What is the remainder when r is divided by q?
17
Let w(y) = -y + 3 + 9*y**2 - 4*y + y**3 - 3*y**2 - 2*y**3. Let d be w(5). Suppose d = -3*f + 39. Calculate the remainder when f is divided by 5.
2
Let x = -116 + 164. Suppose -3*g + 36 = -2*f, -3*g + x = -0*f + 2*f. What is the remainder when 153 is divided by g?
13
Suppose 0*o + 42 = 2*o. Let b = o + 45. Suppose 2*u - 3*u = -l + b, 3*l = -2*u + 208. What is the remainder when l is divided by 23?
22
Let o(h) = -h**3 - 1. Let w(i) = 10*i**3 + 3*i**2 - 4*i + 7. Let m = -10 - -15. Let r(y) = m*o(y) + w(y). Calculate the remainder when r(2) is divided by 12.
10
Let h(q) be the first derivative of -q**2/2 + 22*q - 7. Calculate the remainder when 45 is divided by h(10).
9
Suppose 5*m + 5*t = 104 - 19, -5*m - t = -101. Suppose f - 43 = n, -n - 76 = -2*f + 8. What is the remainder when f is divided by m?
20
Suppose 0 = j - 2*j + 9. Let t(m) = -1. Let y(d) = -4*d - 5. Let a(i) = 4*t(i) - y(i). Calculate the remainder when a(4) is divided by j.
8
Let x = -800 + 1503. What is the remainder when x is divided by 44?
43
Suppose -8*q + 6*q + 2 = 0, -4*n + 281 = q. What is the remainder when n is divided by 32?
6
Let t = 1 - -3. Let k(l) = -l**2 + 7*l - 5. What is the remainder when 6/(-3) - 13/(39/(-63)) is divided by k(t)?
5
Suppose 6*d + 170 - 458 = 0. Let i = d - 37. What is the remainder when i is divided by 4?
3
Calculate the remainder when 81 is divided by 6 - -20 - -10 - 8.
25
Let w = 167 + -144. Calculate the remainder when w is divided by 8.
7
Let j be (-120)/100*10/4. Calculate the remainder when 51 is divided by (j - 2) + 1 + 13.
6
Suppose 4 - 19 = 3*l. Let n = l - -15. What is the remainder when 47 is divided by n?
7
Suppose 4*r = -4*y + r + 8, 6 = 3*y + 3*r. Let q = y - -86. Suppose j + 4*j = 90. Calculate the remainder when q is divided by j.
16
Suppose 34*i = 12*i + 2838. Calculate the remainder when 382 is divided by i.
124
Suppose 4*n - 15 = -3*i + 10, -5*n = -2*i + 55. What is the remainder when 28 is divided by i?
13
Let x = 1 + -1. Suppose 0*z - 6*z + 36 = x. Calculate the remainder when 16 is divided by z.
4
Let x(j) = 3*j**2 - j - 1. What is the remainder when x(-4) is divided by (-1)/((-4)/(-42))*1392/(-812)?
15
Let f = -5 - -11. What is the remainder when ((-1)/(-3)*1/1)/(9/864) is divided by f?
2
Let p = 35 + -23. Let w(x) = x**2 - 17*x - 729. Calculate the remainder when p is divided by w(-20).
1
Let j(k) = 26*k - 1. Let z(n) = -2*n - 13. Let v be z(-7). What is the remainder when j(v) is divided by 7?
4
Let r be 0 - 3/6*14. Let j be (-3)/(-1) - (r - -5). Let b = j + -2. What is the remainder when 11 is divided by b?
2
Let o = 31 - 29. Suppose -3*a - o*a + 145 = 0. Calculate the remainder when a is divided by 16.
13
Let j = 55 - 44. Let a = j - -18. Calculate the remainder when 79 is divided by a.
21
Let l = 70 + -32. Let h be 6/10 - (-3472)/80. Suppose 7*k - h = 26. Calculate the remainder when l is divided by k.
8
Let c = 1067 + -1051. Calculate the remainder when 32 is divided by c.
0
Suppose 3*t + 48 = 4*x, 4*t = -4*x - x + 60. Suppose 5*b = 240 - 80. Calculate the remainder when b is divided by x.
8
Suppose 15*f = 386 - 56. What is the remainder when 24 is divided by f?
2
Let n(m) = -m**2 + 7*m + 89. Calculate the remainder when 260 is divided by n(-5).
28
Suppose -x - 90 - 11 = 0. Let z = -42 - x. Calculate the remainder when z is divided by 10.
9
Let u(g) = -8*g + 1. Let t = 201 - 78. Let i = t + -88. What is the remainder when i is divided by u(-1)?
8
Suppose -6*j + 6885 = 11*j. Calculate the remainder when j is divided by 6.
3
What is the remainder when -5 - (-1)/((-3)/(-9)) - -54 is divided by 14?
10
Let z(b) = -b**2 + 4*b + 2. Let y be z(4). Suppose y*d + 6 = 4*d. What is the remainder when 30 is divided by 8/(-6)*d*-4?
14
Let c(q) be the second derivative of q**4/6 + 10*q**3/3 + 7*q**2 - 9*q. Suppose b + 1 = 5. Calculate the remainder when c(-10) is divided by b.
2
Let r(j) = -j**3 - 12*j**2 - 2*j - 12. Suppose 2*y = -8 + 54. Calculate the remainder when y is divided by r(-12).
11
Suppose 4*z - 478 = 5*o, 72 = 4*z + 3*o - 390. Let h = -23 + 53. Calculate the remainder when z is divided by h.
27
Suppose -h - 5*c + 25 = 0, 2*h + 0 = -4*c + 86. Suppose -3*y + l = 113, 5*y + 77 = 3*y - l. Calculate the remainder when h is divided by (-2)/(-5) + y/(-5).
7
Let n(v) = v**3 + 9*v**2 + v + 22. Let s be n(-8). Suppose 9*f - s = 3*f. Calculate the remainder when 45 is divided by f.
6
What is the remainder when -3*(78/(-4))/(4/8) is divided by 31?
24
Let m(c) = c**2 + 3*c - 9. Suppose -5*t - 5*x = -2*t - 330, 0 = x. What is the remainder when t is divided by m(-7)?
15
Suppose -c = -4*c - 2*l + 1973, 0 = 5*l + 10. What is the remainder when c is divided by 48?
35
Let x = 1722 - 1102. Suppose p + o = -2*p + x, 5*o + 20 = 0. Calculate the remainder when p is divided by 19.
18
Suppose 0*k + 12 = 3*k. Suppose 5*c - 2*c = -b + 14, -k*c = -3*b + 42. Let p(z) = z**2 + 9*z + 17. Calculate the remainder when b is divided by p(-7).
2
Let o = 25 - -2. Suppose -256 = 2*p - 416. What is the remainder when p is divided by o?
26
Let k(x) = -6*x**3 - x + 4. Calculate the remainder when k(-4) is divided by 66.
62
Let s(i) = -2*i + 39. Let o be s(17). Suppose -131 = -o*q + 84. Calculate the remainder when q is divided by 11.
10
Let h = 12 + -2. Let n be (-117)/(-6) - 2/(-4). Let o = n - -29. Calculate the remainder when o is divided by h.
9
Suppose 0*w + 3*w = 66. Calculate the remainder when 36 is divided by w.
14
Let v(r) = r**2 + 9*r - 474. Calculate the remainder when 225 is divided by v(18).
9
Let h = 33 - 147. Let p = h - -160. Calculate the remainder when p is divided by 6.
4
Let i(b) = -b**3 - 17*b**2 - 16*b + 1. Let v be i(-16). Calculate the remainder when v/2 + 225/30 is divided by 5.
3
Let l(b) = 20*b**2 - b. Let o be -1 + (1 - 3 - 0). Let u be l(o). Suppose f = 4*f - u. Calculate the remainder when f is divided by 16.
13
Let u(r) = 2*r**2 - 16*r + 14. Calculate the remainder when u(18) is divided by 13.
10
Suppose 3*a - 94 = -l, 0 = 5*l - a - a - 521. Calculate the remainder when l is divided by 8.
7
Suppose 23 = 4*s + 3. Suppose 0 = s*x - 0*x - 10. Suppose -x*f + 25 = 3*f. What is the remainder when 14 is divided by f?
4
Let r(m) = -m**2 + 13*m - 28. Let j be r(14). Let a = -19 - j. What is the remainder when 252 is divided by a?
22
Let h(v) be the third derivative of -v**5/60 - 17*v**4/24 - 7*v**3/3 + 6*v**2. What is the remainder when 55 is divided by h(-14)?
27
Suppose 0 = q + 2*y - 3*y - 24, -44 = -q + 5*y. Let n(k) = -4*k + 1 - k + 5*k + 9*k**2. What is the remainder when n(-2) is divided by q?
18
Let s(r) = 3*r**2 + 18*r - 2. Let w be s(-8). Let g = w - -1. What is the remainder when 91 is divided by g?
44
Let o(v) = -v**3 + 8*v**2 - 9. Calculate the remainder when o(7) is divided by 6/(-4)*2 + (16 - -1).
12
Let o(n) = n**3 + 5*n**2 - 5*n - 6. Suppose -14*r = -12*r - 54. Suppose 0*z - z = 2*t - r, -z = -5*t + 85. Calculate the remainder when o(-4) is divided by t.
14
Let a be -3*(3 + (-121)/3). Suppose 0 = 6*u - 56 - a. Let l = -22 + u. What is the rema